6404?
6
What is the ten thousands digit of 103565?
0
What is the thousands digit of 1461542?
1
What is the units digit of 885549?
9
What is the units digit of 351293?
3
What is the units digit of 257587?
7
What is the hundreds digit of 50233?
2
What is the hundred thousands digit of 1476366?
4
What is the tens digit of 5998039?
3
What is the hundred thousands digit of 265382?
2
What is the units digit of 282718?
8
What is the units digit of 2917214?
4
What is the ten thousands digit of 318878?
1
What is the hundreds digit of 74575?
5
What is the tens digit of 467373?
7
What is the thousands digit of 177499?
7
What is the thousands digit of 125187?
5
What is the units digit of 7126152?
2
What is the ten thousands digit of 230465?
3
What is the ten thousands digit of 1889015?
8
What is the tens digit of 1560601?
0
What is the units digit of 2720718?
8
What is the units digit of 150134?
4
What is the ten thousands digit of 8344012?
4
What is the millions digit of 5186712?
5
What is the millions digit of 2111682?
2
What is the hundreds digit of 586126?
1
What is the units digit of 56045?
5
What is the thousands digit of 2030816?
0
What is the hundreds digit of 236326?
3
What is the thousands digit of 690315?
0
What is the thousands digit of 649818?
9
What is the hundred thousands digit of 869700?
8
What is the hundred thousands digit of 11263991?
2
What is the millions digit of 1292918?
1
What is the millions digit of 3335186?
3
What is the hundreds digit of 452151?
1
What is the thousands digit of 313060?
3
What is the ten thousands digit of 100535?
0
What is the hundred thousands digit of 1955944?
9
What is the hundreds digit of 1152750?
7
What is the units digit of 17141521?
1
What is the ten thousands digit of 1283024?
8
What is the millions digit of 8154928?
8
What is the millions digit of 25445919?
5
What is the hundred thousands digit of 979864?
9
What is the millions digit of 1101410?
1
What is the hundreds digit of 337327?
3
What is the ten millions digit of 11946381?
1
What is the units digit of 777177?
7
What is the units digit of 574996?
6
What is the thousands digit of 1890821?
0
What is the tens digit of 4735781?
8
What is the hundreds digit of 5130515?
5
What is the hundred thousands digit of 28978290?
9
What is the tens digit of 28378518?
1
What is the hundreds digit of 146223?
2
What is the hundred thousands digit of 701415?
7
What is the hundreds digit of 172565?
5
What is the ten thousands digit of 94608?
9
What is the ten thousands digit of 5447675?
4
What is the thousands digit of 95933?
5
What is the thousands digit of 23117150?
7
What is the ten thousands digit of 1623339?
2
What is the ten thousands digit of 1883129?
8
What is the units digit of 458146?
6
What is the units digit of 344153?
3
What is the hundred thousands digit of 194151?
1
What is the thousands digit of 754127?
4
What is the tens digit of 244342?
4
What is the hundred thousands digit of 3814257?
8
What is the thousands digit of 2365643?
5
What is the hundred thousands digit of 992999?
9
What is the thousands digit of 123407?
3
What is the units digit of 67505?
5
What is the tens digit of 335316?
1
What is the units digit of 181085?
5
What is the ten thousands digit of 745766?
4
What is the ten thousands digit of 855753?
5
What is the thousands digit of 1633929?
3
What is the tens digit of 588074?
7
What is the tens digit of 52079?
7
What is the millions digit of 1441224?
1
What is the ten millions digit of 34331940?
3
What is the units digit of 4390418?
8
What is the hundreds digit of 3719994?
9
What is the thousands digit of 1314777?
4
What is the hundreds digit of 20943428?
4
What is the units digit of 3935671?
1
What is the ten thousands digit of 7430002?
3
What is the tens digit of 6152326?
2
What is the ten millions digit of 10535609?
1
What is the ten thousands digit of 6185491?
8
What is the hundred thousands digit of 3840180?
8
What is the thousands digit of 966361?
6
What is the thousands digit of 300374?
0
What is the tens digit of 612773?
7
What is the hundred thousands digit of 7139574?
1
What is the ten thousands digit of 4232401?
3
What is the ten thousands digit of 2217890?
1
What is the hundreds digit of 1030791?
7
What is the thousands digit of 2281909?
1
What is the thousands digit of 2650919?
0
What is the thousands digit of 2741705?
1
What is the millions digit of 5211740?
5
What is the thousands digit of 1457957?
7
What is the thousands digit of 373892?
3
What is the units digit of 2298498?
8
What is the units digit of 695582?
2
What is the tens digit of 253185?
8
What is the ten thousands digit of 1215670?
1
What is the millions digit of 5408840?
5
What is the ten thousands digit of 30612672?
1
What is the units digit of 4813811?
1
What is the units digit of 20006603?
3
What is the hundred thousands digit of 641805?
6
What is the hundred thousands digit of 804184?
8
What is the hundreds digit of 687005?
0
What is the hundreds digit of 1629034?
0
What is the hundred thousands digit of 975418?
9
What is the hundred thousands digit of 10946848?
9
What is the ten thousands digit of 1186732?
8
What is the thousands digit of 1231428?
1
What is the thousands digit of 1107686?
7
What is the millions digit of 3529603?
3
What is the hundreds digit of 97275?
2
What is the ten thousands digit of 4085062?
8
What is the tens digit of 1250684?
8
What is the thousands digit of 16273771?
3
What is the ten thousands digit of 6028651?
2
What is the ten thousands digit of 756197?
5
What is the thousands digit of 847581?
7
What is the hundreds digit of 2177531?
5
What is the ten millions digit of 11014931?
1
What is the units digit of 50650?
0
What is the hundred thousands digit of 8446633?
4
What is the ten thousands digit of 7964294?
6
What is the ten thousands digit of 20716594?
1
What is the millions digit of 5680162?
5
What is the units digit of 10103639?
9
What is the tens digit of 1269212?
1
What is the hundred thousands digit of 198466?
1
What is the hundred thousands digit of 297145?
2
What is the millions digit of 11753131?
1
What is the units digit of 796646?
6
What is the thousands digit of 8791144?
1
What is the tens digit of 516967?
6
What is the units digit of 99665?
5
What is the millions digit of 1544777?
1
What is the ten thousands digit of 615307?
1
What is the tens digit of 80854?
5
What is the units digit of 2058436?
6
What is the units digit of 88321?
1
What is the hundreds digit of 486471?
4
What is the hundred thousands digit of 1513251?
5
What is the ten thousands digit of 5847583?
4
What is the thousands digit of 5184002?
4
What is the hundreds digit of 6606605?
6
What is the hundred thousands digit of 37213111?
2
What is the thousands digit of 5070446?
0
What is the ten thousands digit of 831444?
3
What is the hundreds digit of 343620?
6
What is the tens digit of 9707831?
3
What is the hundred thousands digit of 612083?
6
What is the units digit of 734950?
0
What is the units digit of 9016?
6
What is the tens digit of 952759?
5
What is the tens digit of 8493834?
3
What is the tens digit of 2076734?
3
What is the units digit of 112166?
6
What is the units digit of 1463140?
0
What is the hundreds digit of 12053546?
5
What is the units digit of 3702480?
0
What is the millions digit of 10612276?
0
What is the units digit of 1927125?
5
What is the hundreds digit of 101183?
1
What is the units digit of 2741923?
3
What is the tens digit of 5296265?
6
What is the thousands digit of 13490?
3
What is the hundred thousands digit of 1638128?
6
What is the thousands digit of 2414183?
4
What is the thousands digit of 414168?
4
What is the hundreds digit of 2004860?
8
What is the ten thousands digit of 163952?
6
What is the ten thousands digit of 6143777?
4
What is the units digit of 166554?
4
What is the units digit of 23354076?
6
What is the tens digit of 499743?
4
What is the ten thousands digit of 5103909?
0
What is the hundreds digit of 223263?
2
What is the thousands digit of 8795521?
5
What is the tens digit of 274969?
6
What is the ten thousands digit of 780084?
8
What is the thousands digit of 5515552?
5
What is the thousands digit of 3644707?
4
What is the hundreds digit of 93977?
9
What is the ten thousands digit of 4714367?
1
W